t is the highest common divisor of d and 19?
19
Suppose -50*r + 1530 = 52*r. What is the greatest common divisor of r and 2010?
15
Let b = 7 - -122. Calculate the greatest common divisor of b and 2279.
43
Let b = 133 + -97. Suppose 2*d + d = 150. Let w = d - 46. Calculate the highest common factor of b and w.
4
Let h = 5143 + -5099. Calculate the greatest common factor of 14476 and h.
44
Let s = -194 + 257. Suppose 0 = -5*p - s + 223. What is the highest common divisor of 352 and p?
32
Let f(p) = 13*p**2 + 1. Let c be f(-1). Let j(b) = 161*b - 4865. Let r be j(39). What is the greatest common factor of r and c?
14
Let r(j) = 9*j**2 + 79*j + 21. Let t be r(-14). Suppose -t = 26*o - 1719. What is the highest common factor of 16 and o?
8
Suppose 5*h + 47 + 131 = b, 2*h + 58 = -4*b. Let d be 16/192 - h/12. Calculate the highest common factor of 21 and d.
3
Suppose -52*g + 696 = -23*g. Suppose -51*b - 1680 = -61*b. What is the highest common factor of b and g?
24
Let r = 384 + -284. Suppose -108 = -13*u + r. Calculate the highest common factor of 288 and u.
16
Let p be ((-12)/(-72))/((-1)/(-66)). Let b = 81 - 54. Let l = 38 - b. Calculate the highest common divisor of p and l.
11
Suppose 47*r - 49*r + 1140 = y, -4*r + 2296 = -2*y. Calculate the greatest common factor of 260 and r.
52
Suppose -3*v = 3*w - 246, -4*v + 56*w = 55*w - 303. Calculate the highest common factor of 517 and v.
11
Let g be (-3 + 0 + 25)*(1 + -2). Let p be 6314/(-121) - 4/g. Let j = -21 - p. Calculate the greatest common factor of 217 and j.
31
Let l = -40 + 40. Suppose y - 1 = -l. Let t be (y - -1)/((14/90)/7). Calculate the highest common factor of t and 18.
18
Suppose -3*z = -8*z + 1419 + 1301. Calculate the highest common factor of 306 and z.
34
Let w be 318/212 - (1 + (-3619)/2). Calculate the greatest common divisor of w and 10.
10
Let g = 66 - 38. Suppose -g = -4*a + 44. Suppose -4*c + 2*v + v = -81, c = 3*v + a. Calculate the highest common divisor of c and 3.
3
Let k = -2378 - -2391. Calculate the greatest common factor of 260 and k.
13
Let m = 1363 - 1306. What is the greatest common factor of m and 3420?
57
Let b be 1*(-3 + -2) - (2 + -21). Let f be 100/45 + (-2)/9. Suppose -f*w - 252 = -4*w. What is the highest common divisor of w and b?
14
Suppose -y = -3*p + 119, 3*p - 371*y + 372*y = 115. Calculate the highest common divisor of p and 624.
39
Suppose 3*g - 4*o = -2*g + 30563, 30553 = 5*g + o. What is the highest common divisor of 9 and g?
9
Suppose -s + 5 = 0, 0 = -5*t - 0*s + 2*s + 15. Suppose a + 0 - 26 = -5*z, 2*a + t*z = 47. Calculate the highest common divisor of 12 and a.
3
Let c(i) = -i**3 + 19*i**2 - 15*i - 35. Let s be (-2)/10*1 + (-1032)/(-60). Let k be c(s). Calculate the greatest common factor of k and 32.
32
Let l(c) = 398*c - 250. Let n be l(1). What is the greatest common divisor of n and 21830?
74
Let s(r) = 195*r**3 + 8*r**2 + 1084*r - 1091. Let t be s(1). Let z = -14 - -21. What is the greatest common factor of t and z?
7
Let q(p) = 5*p**2 - 41*p - 410. Let r be q(-6). Calculate the highest common factor of r and 3368.
8
Suppose 81*x - 1128 = 1383. Calculate the highest common factor of 155 and x.
31
Let g(m) = m**3 + 99*m**2 - 204*m - 169. Let p be g(-101). Suppose 297 = -s + 2*s. What is the greatest common divisor of s and p?
33
Let c be 3642/(-9)*567/(-42). What is the highest common divisor of 9 and c?
9
Let y be 37*(-6 + 0 - -8). Calculate the greatest common divisor of y and 2812.
74
Let r = 5545 + 10007. What is the highest common divisor of r and 64?
64
Suppose -4*f + 4 = d + 2*d, 0 = 4*d - 5*f + 5. Suppose 5*h - a = a + 440, d = -5*a. Suppose -2*v + 123 = 35. Calculate the highest common factor of h and v.
44
Let o(q) = q**2 - 23*q + 135. Let y be o(14). Let t(n) = 8*n - 22. Let d be t(y). What is the highest common divisor of 400 and d?
50
Let u be 0/1 - (-572 - -4) - -4. Suppose -5*y = -u - 528. Calculate the highest common factor of 44 and y.
44
Let a(d) = d**3 - 6*d**2 + 26. Let i be a(5). Suppose 2*l + 3*b - 5 = 3*l, -3*l + 2*b = i. What is the highest common divisor of l and 16?
1
Let a(v) = 2*v**2. Let n(t) = -21*t**2 + 3*t + 2. Let w(d) = 22*a(d) + 2*n(d). Let i be w(-7). Calculate the greatest common factor of i and 75.
15
Suppose 0*x - 1840 = 23*x. Let f be x/(-140)*(-2 - -16). What is the highest common divisor of f and 464?
8
Let k be ((-354)/(-42) - 5)/((-2)/(-14)). What is the greatest common factor of k and 128?
8
Let o be 1 - (462/(-105))/((-4)/(-480)). What is the greatest common factor of o and 23?
23
Let t = 455 + -1160. Let j = -519 - t. Calculate the highest common factor of j and 18.
6
Let v = -19 + 24. Suppose -20 + v = -5*s. Suppose 10 - 9 = g. Calculate the highest common divisor of g and s.
1
Let s(i) = 33*i + 133. Let o(v) = -3*v - 1. Let t(h) = -4*o(h) - s(h). Let k be t(-7). What is the highest common divisor of 2 and k?
2
Let z = -16 + 28. Suppose 5*r - 210 = 4*b, 4*b - 147 - 21 = -4*r. What is the greatest common factor of r and z?
6
Let v(q) = -18*q. Let m(c) = c**2 - 9*c + 18. Let o be m(6). Suppose -9*h + h - 24 = o. Let y be v(h). Calculate the greatest common divisor of 81 and y.
27
Suppose -5*d - 4550 = -m, -2*d = -4*m - 3*d + 18116. What is the highest common divisor of m and 30?
30
Let w be (605/33)/(4/3)*4. Let p(f) = 30*f - 3. Let u be p(-1). Let y be (-44)/u*66/4. Calculate the highest common factor of y and w.
11
Suppose -53257 - 166025 = -2585*z - 1036*z + 443*z. Let u be (-2 - -10)/(2/23). What is the greatest common divisor of u and z?
23
Let h = 89 + -193. Let m = h + 107. Suppose 2*k = -m*w + 81, -w = -5*k + w + 174. What is the greatest common divisor of 72 and k?
36
Suppose 5*z - 34 - 16 = 0. Suppose -567*y + 563*y + 32 = 0, -3*y - 486 = -3*f. Calculate the highest common factor of f and z.
10
Let l be ((-64)/(-6))/(8/(-6) + 2). Suppose -23*g + l*g = -308. Let f be 168/g + -4 - 171/(-33). What is the greatest common factor of 45 and f?
5
Let y be (22/10 + -1)/((-27)/(-90)). Suppose -a - 127 = -y*l, 0 = -3*a + 3 - 0. What is the greatest common factor of 16 and l?
16
Let q be 2 + 189/(-8) + 27/(-72). Let l(t) = -35*t - 302. Let y be l(q). What is the highest common divisor of y and 52?
52
Let b be -2*((-4)/(-24) + 2/6). Let p be (b - 60/(-52)) + (-802)/(-26). Suppose -27*v + p*v = 28. What is the highest common divisor of v and 21?
7
Let l(o) = o + 85. Let p be l(-7). Suppose 2*q + 154 = 2*m, 2*q = -q + 5*m - 237. Let j = q + p. What is the highest common factor of 64 and j?
4
Suppose -407 = 16*z - 2823. Let j = z - 139. What is the highest common divisor of 9 and j?
3
Suppose 0 = 39*r - 7852 + 1222. Let l be (1 + r)*13/((-195)/(-10)). Calculate the highest common factor of l and 1026.
114
Let p = 34 + -17. Suppose 11*x + 82 = 1297 + 468. Calculate the highest common divisor of x and p.
17
Let k = 1350 - 594. What is the greatest common divisor of k and 1197?
63
Let n = -321 - -854. Let k = n + -298. Calculate the highest common factor of k and 94.
47
Let x = -392 + 399. Let v be (-52)/(-6)*((-611)/(-26) - x). Let s(f) = f**2 - 3. Let n be s(4). What is the greatest common factor of v and n?
13
Let o(i) = 15*i**2 - 12*i + 19. Let p be o(2). Suppose 0 = 8*f - 19*f + p. What is the highest common divisor of 40 and f?
5
Let u(p) = 8*p - 17. Let d be u(21). Let k = d - 144. Calculate the highest common factor of k and 14.
7
Suppose 321*a - 34380 = 130*a. Calculate the highest common divisor of 19080 and a.
180
Suppose 296*x + 5190 = 18510. Calculate the greatest common factor of 17 and x.
1
Let v be 3*129*(-1)/(-9). Let r(n) = n**2 - 11*n + 10. Let t be r(8). Let m be (-4)/t - 4812/(-14). What is the greatest common divisor of v and m?
43
Let o = 950 + -641. What is the highest common divisor of 18 and o?
3
Let b = -149 - -264. Let i = 16348 + -16302. Calculate the highest common factor of b and i.
23
Suppose -25*i + 2236 = i. Suppose -24*n = -1834 - i. What is the highest common factor of 520 and n?
40
Let t be 135/75*-5*(0 + -1). What is the greatest common factor of 44 and t?
1
Let k = -3178 - -3187. What is the highest common factor of 31410 and k?
9
Suppose -273*y - g = -275*y + 11108, 0 = -4*g - 8. Calculate the greatest common factor of y and 18.
9
Suppose 24*r - 237 - 14 = -35. 